mmon factor of 60 and 4740?
60
What is the greatest common factor of 108 and 24?
12
What is the highest common factor of 30 and 510?
30
Calculate the greatest common factor of 206 and 6592.
206
What is the greatest common divisor of 98 and 14?
14
What is the greatest common factor of 80 and 430?
10
What is the greatest common factor of 3945 and 30?
15
What is the greatest common factor of 8 and 144?
8
What is the greatest common divisor of 4248 and 48?
24
Calculate the highest common divisor of 194 and 291.
97
What is the highest common factor of 1944 and 396?
36
What is the greatest common divisor of 27 and 45?
9
What is the greatest common divisor of 15 and 35?
5
Calculate the greatest common factor of 423 and 376.
47
Calculate the greatest common divisor of 322 and 2208.
46
Calculate the greatest common divisor of 169 and 1027.
13
What is the greatest common divisor of 319 and 220?
11
Calculate the highest common factor of 224 and 768.
32
Calculate the greatest common divisor of 5018 and 143.
13
Calculate the greatest common factor of 8 and 31.
1
What is the greatest common divisor of 5 and 148?
1
Calculate the greatest common factor of 74 and 73001.
37
Calculate the greatest common divisor of 13 and 2041.
13
What is the highest common divisor of 637 and 104?
13
What is the greatest common factor of 84 and 3408?
12
Calculate the greatest common factor of 14 and 2408.
14
What is the highest common factor of 781 and 11?
11
Calculate the greatest common divisor of 128 and 116736.
128
Calculate the greatest common divisor of 6693 and 69.
69
Calculate the highest common divisor of 176 and 121.
11
What is the highest common factor of 49 and 441?
49
Calculate the greatest common factor of 230 and 25.
5
What is the greatest common divisor of 102 and 1734?
102
What is the highest common divisor of 8 and 972?
4
What is the greatest common divisor of 48 and 16?
16
What is the greatest common factor of 20 and 940?
20
What is the highest common factor of 23 and 1?
1
What is the greatest common factor of 11627 and 14?
7
Calculate the greatest common factor of 1750 and 630.
70
Calculate the highest common divisor of 55 and 390.
5
What is the highest common divisor of 1104 and 414?
138
Calculate the highest common factor of 14 and 133.
7
What is the highest common divisor of 8 and 2048?
8
What is the greatest common divisor of 168 and 2100?
84
Calculate the highest common divisor of 5 and 53.
1
Calculate the greatest common factor of 3601 and 377.
13
Calculate the highest common factor of 1343 and 10.
1
Calculate the highest common factor of 2490 and 30.
30
What is the greatest common divisor of 1524 and 12?
12
What is the highest common factor of 532 and 228?
76
What is the highest common factor of 580 and 116?
116
Calculate the highest common factor of 49 and 4473.
7
Calculate the greatest common divisor of 1572 and 12.
12
Calculate the highest common factor of 330 and 33.
33
What is the greatest common factor of 24 and 18252?
12
What is the greatest common divisor of 16 and 464?
16
What is the greatest common divisor of 24 and 15?
3
What is the greatest common divisor of 124 and 1116?
124
Calculate the greatest common factor of 69 and 460.
23
Calculate the greatest common divisor of 1344 and 64.
64
Calculate the greatest common divisor of 1586 and 26.
26
Calculate the highest common factor of 1683 and 72.
9
What is the highest common divisor of 378 and 432?
54
Calculate the greatest common factor of 1365 and 1995.
105
Calculate the highest common divisor of 100 and 470.
10
What is the greatest common factor of 2 and 26?
2
Calculate the greatest common factor of 324 and 36.
36
What is the greatest common divisor of 153 and 204?
51
What is the highest common factor of 20388 and 12?
12
Calculate the highest common factor of 58 and 4.
2
Calculate the greatest common divisor of 25 and 200.
25
Calculate the highest common divisor of 164 and 4.
4
Calculate the greatest common divisor of 156 and 9936.
12
Calculate the highest common factor of 9 and 198.
9
Calculate the greatest common factor of 52 and 195.
13
Calculate the greatest common divisor of 26 and 208.
26
What is the greatest common divisor of 1630 and 10?
10
Calculate the greatest common divisor of 204 and 663.
51
What is the greatest common divisor of 2436 and 10788?
348
What is the greatest common divisor of 700 and 31850?
350
Calculate the greatest common factor of 634 and 2.
2
Calculate the greatest common factor of 3297 and 84.
21
Calculate the highest common divisor of 6775 and 575.
25
Calculate the highest common factor of 4745 and 130.
65
What is the greatest common factor of 38 and 1672?
38
Calculate the highest common factor of 288 and 2256.
48
What is the greatest common factor of 2502 and 558?
18
Calculate the greatest common divisor of 190 and 2390.
10
What is the highest common divisor of 5688 and 9?
9
Calculate the greatest common divisor of 429 and 26.
13
Calculate the highest common divisor of 28 and 252.
28
Calculate the highest common factor of 35 and 45.
5
Calculate the highest common factor of 26 and 338.
26
Calculate the highest common divisor of 1595 and 29.
29
Calculate the greatest common factor of 6 and 1820.
2
What is the greatest common divisor of 100 and 7320?
20
What is the greatest common divisor of 157 and 9577?
157
Calculate the greatest common factor of 2261 and 133.
133
What is the greatest common factor of 14301 and 63?
63
What is the highest common divisor of 4 and 2476?
4
What is the greatest common divisor of 532 and 19?
19
What is the highest common divisor of 1449 and 12?
3
What is the highest common factor of 1416 and 6844?
236
What is the highest common factor of 134 and 6499?
67
What is the highest common factor of 2471 and 7?
7
What is the greatest common divisor of 56 and 434?
14
What is the greatest common divisor of 18 and 582?
6
What is the greatest common divisor of 16 and 420?
4
What is the greatest common factor of 814 and 22?
22
What is the highest common divisor of 8 and 162?
2
Calculate the greatest common divisor of 6083 and 77.
77
Calculate the highest common divisor of 18 and 2.
2
Calculate the highest common divisor of 7711 and 11.
11
What is the greatest common divisor of 2574 and 33?
33
What is the greatest common factor of 170 and 578?
34
Calculate the highest common divisor of 20860 and 30.
10
What is the greatest common divisor of 1024 and 160?
32
Calculate the highest common divisor of 2392 and 368.
184
Calculate the greatest common divisor of 792 and 1144.
88
Calculate the greatest common divisor of 150 and 1150.
50
Calculate the highest common divisor of 1625 and 625.
125
Calculate the greatest common divisor of 258 and 6.
6
Calculate the greatest common divisor of 51 and 17.
17
What is the highest common divisor of 36 and 378?
18
Calculate the greatest common divisor of 168 and 78.
6
Calculate the highest common factor of 93 and 155.
31
What is the greatest common factor of 111 and 1221?
111
What is the greatest common factor of 40 and 350?
10
Calculate the highest common factor of 36498 and 79.
79
What is the greatest common factor of 52 and 4?
4
Calculate the greatest common divisor of 5 and 35.
5
What is the highest common factor of 15129 and 45?
9
Calculate the highest common factor of 2 and 1406.
2
Calculate the greatest common factor of 427 and 14.
7
What is the greatest common divisor of 34182 and 36?
18
Calculate the greatest common divisor of 132 and 165.
33
Calculate the greatest common divisor of 62 and 8804.
62
Calculate the highest common factor of 7335 and 135.
45
What is the greatest common divisor of 126 and 7?
7
What is the greatest common divisor of 2325 and 1519?
31
What is the greatest common factor of 4097 and 17?
17
Calculate the greatest common factor of 2754 and 2601.
153
What is the greatest common factor of 1501 and 158?
79
Calculate the greatest common divisor of 2472 and 72.
24
What is the highest common divisor of 108 and 60?
12
What is the highest common divisor of 235 and 188?
47
What is the highest common factor of 208 and 80?
16
What is the highest common factor of 30 and 2100?
30
Calculate the greatest common factor of 4453 and 61.
61
Calculate the highest common factor of 12 and 492.
12
Calculat